rs of 3327957?
3, 67, 5519
What are the prime factors of 4168721?
29, 43, 3343
List the prime factors of 755784.
2, 3, 3499
List the prime factors of 273679.
7, 39097
List the prime factors of 24231302.
2, 12115651
What are the prime factors of 32660322?
2, 3, 23, 29, 8161
List the prime factors of 10964.
2, 2741
List the prime factors of 1341575.
5, 103, 521
List the prime factors of 462993.
3, 157, 983
List the prime factors of 927804.
2, 3, 77317
List the prime factors of 453789.
3, 7
List the prime factors of 2323237.
7, 17, 2789
What are the prime factors of 7030299?
3, 17, 137849
What are the prime factors of 481414?
2, 240707
What are the prime factors of 5463596?
2, 17, 80347
What are the prime factors of 270875?
5, 11, 197
List the prime factors of 764879.
61, 12539
List the prime factors of 202958.
2, 7, 19, 109
What are the prime factors of 1379424?
2, 3, 14369
List the prime factors of 6562980.
2, 3, 5, 19, 101
List the prime factors of 1245064.
2, 103, 1511
List the prime factors of 8650201.
7, 107, 11549
List the prime factors of 256218.
2, 3, 42703
List the prime factors of 14249165.
5, 7, 407119
List the prime factors of 374049.
3, 13, 23, 139
What are the prime factors of 1826287?
829, 2203
What are the prime factors of 16016568?
2, 3, 41, 397
List the prime factors of 858752.
2, 6709
What are the prime factors of 320440?
2, 5, 8011
What are the prime factors of 1780938?
2, 3, 163, 607
What are the prime factors of 166796?
2, 7, 23, 37
List the prime factors of 353446.
2, 79, 2237
What are the prime factors of 241480?
2, 5, 6037
What are the prime factors of 8129748?
2, 3, 11, 509
List the prime factors of 952462.
2, 7, 9719
List the prime factors of 3329838.
2, 3, 29, 6379
List the prime factors of 891754.
2, 445877
List the prime factors of 109674.
2, 3, 677
What are the prime factors of 882376?
2, 11, 37, 271
What are the prime factors of 12854767?
113, 113759
List the prime factors of 1584976.
2, 23, 59, 73
List the prime factors of 10247818.
2, 7, 107, 6841
What are the prime factors of 348326?
2, 11, 71, 223
List the prime factors of 263148.
2, 3, 21929
What are the prime factors of 1401804?
2, 3, 23, 1693
List the prime factors of 19394026.
2, 79, 131, 937
List the prime factors of 242240.
2, 5, 757
List the prime factors of 24880770.
2, 3, 5, 3413
What are the prime factors of 89957?
7, 71, 181
What are the prime factors of 573656?
2, 71707
List the prime factors of 1053601.
181, 5821
What are the prime factors of 102074?
2, 7, 23, 317
What are the prime factors of 4709511?
3, 19, 27541
What are the prime factors of 2432299?
1039, 2341
What are the prime factors of 2389329?
3, 257, 1033
List the prime factors of 196907.
196907
List the prime factors of 21688633.
19, 1141507
List the prime factors of 11331967.
109, 103963
List the prime factors of 278006.
2, 229, 607
What are the prime factors of 39359017?
39359017
What are the prime factors of 405799?
405799
What are the prime factors of 10375206?
2, 3, 773, 2237
List the prime factors of 7313222.
2, 7, 522373
List the prime factors of 59930.
2, 5, 13, 461
List the prime factors of 324156.
2, 3, 7, 17, 227
What are the prime factors of 33708267?
3, 641, 5843
List the prime factors of 950120.
2, 5, 23753
What are the prime factors of 95128?
2, 11, 23, 47
List the prime factors of 9066396.
2, 3, 97, 7789
What are the prime factors of 18791732?
2, 17, 103, 2683
What are the prime factors of 24652455?
3, 5, 1643497
List the prime factors of 260753.
260753
What are the prime factors of 8445137?
8445137
What are the prime factors of 7237658?
2, 73, 89, 557
List the prime factors of 889979.
19, 31, 1511
What are the prime factors of 57209?
19, 3011
List the prime factors of 200932.
2, 191, 263
What are the prime factors of 667943?
23, 113, 257
What are the prime factors of 2129003?
2129003
List the prime factors of 769444.
2, 13, 14797
List the prime factors of 279036.
2, 3, 23, 337
What are the prime factors of 236185?
5, 47237
What are the prime factors of 3474138?
2, 3, 579023
What are the prime factors of 2313749?
659, 3511
What are the prime factors of 221942?
2, 7, 83, 191
What are the prime factors of 29770084?
2, 7442521
What are the prime factors of 248994?
2, 3, 29, 53
What are the prime factors of 172831?
401, 431
List the prime factors of 5426686.
2, 43, 89, 709
List the prime factors of 435800.
2, 5, 2179
What are the prime factors of 14871292?
2, 43, 86461
List the prime factors of 1150541.
7, 164363
List the prime factors of 4291880.
2, 5, 41, 2617
What are the prime factors of 27354814?
2, 113, 121039
What are the prime factors of 8263164?
2, 3, 7, 13, 23, 47
List the prime factors of 47942.
2, 23971
What are the prime factors of 1132383?
3, 7, 53923
List the prime factors of 279866.
2, 41, 3413
What are the prime factors of 46904?
2, 11, 13, 41
What are the prime factors of 1160181?
3, 11, 11719
List the prime factors of 1011576.
2, 3, 113, 373
What are the prime factors of 35587?
19, 1873
What are the prime factors of 133222?
2, 59, 1129
What are the prime factors of 11823560?
2, 5, 7, 42227
What are the prime factors of 4453043?
7, 636149
What are the prime factors of 1087603?
11, 98873
List the prime factors of 23081107.
7, 127, 3709
What are the prime factors of 11130589?
11130589
What are the prime factors of 33276109?
43, 773863
List the prime factors of 178922.
2, 137, 653
List the prime factors of 14749980.
2, 3, 5, 7, 29, 173
What are the prime factors of 413871?
3, 137957
What are the prime factors of 565925?
5, 22637
List the prime factors of 403280.
2, 5, 71
List the prime factors of 855025.
5, 23, 1487
List the prime factors of 15135592.
2, 1891949
What are the prime factors of 4787076?
2, 3, 7, 56989
What are the prime factors of 3289950?
2, 3, 5, 2437
What are the prime factors of 6895728?
2, 3, 7, 6841
What are the prime factors of 226336?
2, 11, 643
What are the prime factors of 21596553?
3, 11, 31, 227
List the prime factors of 7674757.
449, 17093
What are the prime factors of 135081?
3, 5003
What are the prime factors of 258251?
7, 79, 467
List the prime factors of 221541.
3, 73847
What are the prime factors of 17219612?
2, 4304903
What are the prime factors of 42727395?
3, 5, 2848493
List the prime factors of 773521.
7, 110503
What are the prime factors of 3888769?
53, 239, 307
What are the prime factors of 642720?
2, 3, 5, 13, 103
List the prime factors of 814825.
5, 11, 2963
List the prime factors of 16360.
2, 5, 409
List the prime factors of 40896777.
3, 13632259
What are the prime factors of 32788287?
3, 7, 173483
List the prime factors of 13510676.
2, 107, 31567
What are the prime factors of 5346491?
43, 124337
What are the prime factors of 14288566?
2, 23, 107, 2903
What are the prime factors of 2102660?
2, 5, 7, 23, 653
What are the prime factors of 1170424?
2, 23, 6361
List the prime factors of 1444195.
5, 288839
List the prime factors of 326861.
311, 1051
List the prime factors of 2989579.
2989579
List the prime factors of 33183.
3, 1229
List the prime factors of 412734.
2, 3, 7, 31, 317
List the prime factors of 30311397.
3, 31, 108643
What are the prime factors of 2861106?
2, 3, 476851
List the prime factors of 239933.
239933
What are the prime factors of 702987?
3, 31, 7559
List the prime factors of 84000.
2, 3, 5, 7
List the prime factors of 139654.
2, 69827
What are the prime factors of 503039?
503039
What are the prime factors of 39518835?
3, 5, 821, 3209
What are the prime factors of 1676671?
89, 18839
List the prime factors of 257950.
2, 5, 7, 11, 67
List the prime factors of 2704711.
2704711
What are the prime factors of 13882562?
2, 677, 10253
What are the prime factors of 5219295?
3, 5, 349, 997
What are the prime factors of 8612849?
7, 389, 3163
What are the prime factors of 3179514?
2, 3, 13, 40763
What are the prime factors of 657249?
3, 219083
What are the prime factors of 4621607?
281, 16447
List the prime factors of 182579.
182579
What are the prime factors of 12420008?
2, 1552501
List the prime factors of 1463712.
2, 3, 79, 193
What are the prime factors of 4953787?
4953787
What are the prime factors of 61547?
61547
List the prime factors of 576818.
2, 11, 157, 167
List the prime factors of 788951.
37, 21323